{"id":712,"date":"2026-04-13T08:51:25","date_gmt":"2026-04-13T08:51:25","guid":{"rendered":"https:\/\/luxattyhomes.com\/?page_id=712"},"modified":"2026-04-17T15:46:13","modified_gmt":"2026-04-17T15:46:13","slug":"personal-shopper","status":"publish","type":"page","link":"https:\/\/luxattyhomes.com\/?page_id=712","title":{"rendered":"Luxatty Homes &#8211; Personal Shopper"},"content":{"rendered":"\t\t<div data-elementor-type=\"wp-page\" data-elementor-id=\"712\" class=\"elementor elementor-712\" data-elementor-post-type=\"page\">\n\t\t\t\t<div class=\"elementor-element elementor-element-12587f4a e-con-full e-flex e-con e-parent\" data-id=\"12587f4a\" data-element_type=\"container\" data-e-type=\"container\" data-settings=\"{&quot;background_background&quot;:&quot;classic&quot;}\">\n\t\t\t\t\t\t\t\n\t\t<img class=\"e-image-base e-6e5fd4b0-4085129\" \n\t\t\t\t\tdata-interaction-id=\"6e5fd4b0\" \n\t\t \n\t\t data-e-type=\"widget\" data-id=\"6e5fd4b0\" \n\t\t\t\t\t\t\t\t\tid=\"1035\"\n\t\t\t\t\t\t\t\t\t\t\t\tsrc=\"https:\/\/luxattyhomes.com\/wp-content\/uploads\/2026\/04\/PS2-scaled.jpg\"\n\t\t\t\t\t\t\t\t\t\t\t\twidth=\"2560\"\n\t\t\t\t\t\t\t\t\t\t\t\theight=\"781\"\n\t\t\t\t\t\t\t\t\t\t\t\tsrcset=\"https:\/\/luxattyhomes.com\/wp-content\/uploads\/2026\/04\/PS2-scaled.jpg 2560w, https:\/\/luxattyhomes.com\/wp-content\/uploads\/2026\/04\/PS2-300x92.jpg 300w, https:\/\/luxattyhomes.com\/wp-content\/uploads\/2026\/04\/PS2-1024x313.jpg 1024w, https:\/\/luxattyhomes.com\/wp-content\/uploads\/2026\/04\/PS2-768x234.jpg 768w, https:\/\/luxattyhomes.com\/wp-content\/uploads\/2026\/04\/PS2-1536x469.jpg 1536w, https:\/\/luxattyhomes.com\/wp-content\/uploads\/2026\/04\/PS2-2048x625.jpg 2048w\"\n\t\t\t\t\t\t\t\t\t\t\t\talt=\"\"\n\t\t\t\t\t\t\/>\n\t\t\t\t\t\t\t\t<h2 \n\t\tdata-interaction-id=\"6b16e986\" \n\t\tclass=\"e-6b16e986-0aef9e6 e-heading-base\" \n\t\t \n\t\tdata-e-type=\"widget\" data-id=\"6b16e986\" \n\t>\n\t\n\t\t\t| Personal Shopper |\n\t\t<\/h2>\n\t\t\t\t<\/div>\n\t\t<div class=\"elementor-element elementor-element-e41b329 e-grid e-con-boxed e-con e-parent\" data-id=\"e41b329\" data-element_type=\"container\" data-e-type=\"container\" data-settings=\"{&quot;background_background&quot;:&quot;classic&quot;}\">\n\t\t\t\t\t<div class=\"e-con-inner\">\n\t\t\t\t\t\t\t\t<p class=\"e-4c937c9-6ede7c7 e-paragraph-base\" data-interaction-id=\"4c937c9\"  data-e-type=\"widget\" data-id=\"4c937c9\">\n\t\t\t\t\t\t\t\tEl primer paso para comprar un inmueble es decidir la localizaci\u00f3n \u00f3ptima para ti. <br>Lo ideal es recorrer los barrios para descubrirlos con calma. <br>Como personal shoppers inmobiliarios, nosotros lo hacemos por ti.\n\t\t\t\t\t<\/p>\n\t\t\t\t\t<\/div>\n\t\t\t\t<\/div>\n\t\t<div class=\"elementor-element elementor-element-f66d077 e-grid e-con-boxed e-con e-parent\" data-id=\"f66d077\" data-element_type=\"container\" data-e-type=\"container\" data-settings=\"{&quot;background_background&quot;:&quot;classic&quot;}\">\n\t\t\t\t\t<div class=\"e-con-inner\">\n\t\t\t\t\t\t\t\t<p class=\"e-77e6230-9fc8271 e-paragraph-base\" data-interaction-id=\"77e6230\"  data-e-type=\"widget\" data-id=\"77e6230\">\n\t\t\t\t\t\t\t\t[1]&nbsp;\u00bfC\u00f3mo lo hac\u00e9is?\n\t\t\t\t\t<\/p>\n\t\t\t\t\t\t\t\t<p class=\"e-8aee7de-0369360 e-paragraph-base\" data-interaction-id=\"8aee7de\"  data-e-type=\"widget\" data-id=\"8aee7de\">\n\t\t\t\t\t\t\t\tDedicamos el tiempo necesario para entender tus necesidades reales m\u00e1s all\u00e1 de lo obvio.<br><br>Buscamos las propiedades que encajen con esas necesidades, incluso entre las que no est\u00e1n en mercado.<br><br>Muy importante, negociamos por ti. No te preocupes por la documentaci\u00f3n, tambi\u00e9n la analizamos nosotros y te acompa\u00f1amos hasta la notar\u00eda.\n\t\t\t\t\t<\/p>\n\t\t\t\t\t\t\t\t<p class=\"e-c7233e7-29e3d86 e-paragraph-base\" data-interaction-id=\"c7233e7\"  data-e-type=\"widget\" data-id=\"c7233e7\">\n\t\t\t\t\t\t\t\t[2] \u00bfY despu\u00e9s de notar\u00eda me dais m\u00e1s servicios?\n\t\t\t\t\t<\/p>\n\t\t\t\t\t\t\t\t<p class=\"e-60d7f86-410d978 e-paragraph-base\" data-interaction-id=\"60d7f86\"  data-e-type=\"widget\" data-id=\"60d7f86\">\n\t\t\t\t\t\t\t\tPodemos recomendarte arquitectos y empresas locales para realizar las reformas o mejoras que necesites hacer. \n\t\t\t\t\t<\/p>\n\t\t\t\t\t\t\t\t<p class=\"e-c82546f-fb5221b e-paragraph-base\" data-interaction-id=\"c82546f\"  data-e-type=\"widget\" data-id=\"c82546f\">\n\t\t\t\t\t\t\t\t[3]&nbsp;\u00bfY si necesito financiaci\u00f3n? \n\t\t\t\t\t<\/p>\n\t\t\t\t\t\t\t\t<p class=\"e-7f9c078-7ba3b8d e-paragraph-base\" data-interaction-id=\"7f9c078\"  data-e-type=\"widget\" data-id=\"7f9c078\">\n\t\t\t\t\t\t\t\tPodemos ponerte en contacto con financieras o bancos de confianza. \n\t\t\t\t\t<\/p>\n\t\t\t\t\t<\/div>\n\t\t\t\t<\/div>\n\t\t<div class=\"elementor-element elementor-element-4a57c25 e-flex e-con-boxed e-con e-parent\" data-id=\"4a57c25\" data-element_type=\"container\" data-e-type=\"container\" data-settings=\"{&quot;background_background&quot;:&quot;classic&quot;}\">\n\t\t\t\t\t<div class=\"e-con-inner\">\n\t\t\t\t<div class=\"elementor-element elementor-element-42b82180 elementor-widget elementor-widget-heading\" data-id=\"42b82180\" data-element_type=\"widget\" data-e-type=\"widget\" data-widget_type=\"heading.default\">\n\t\t\t\t<div class=\"elementor-widget-container\">\n\t\t\t\t\t<h2 class=\"elementor-heading-title elementor-size-default\">Contacta con Nosotros<\/h2>\t\t\t\t<\/div>\n\t\t\t\t<\/div>\n\t\t<form class=\"e-con e-atomic-element e-form-base form-state-default e-2e6a3970-26feb65 \"\n      data-id=\"2e6a3970\"\n      data-element_type=\"e-form\"\n      data-e-type=\"e-form\"\n      data-interaction-id=\"2e6a3970\"\n      data-interactions=\"null\"\n      x-data=\"eForm2e6a3970\"\n      x-on:submit=\"submit\"      aria-label=\"Contacto\"\n      data-form-name=\"Contacto\"\n      >\n    \t\t\t<label \n\t\n\tclass=\"e-b8d68e2-ec32270 e-form-label-base\"\n\tfor=e-form-first-name\n\tdata-interaction-id=\"b8d68e2\"\n\tdata-e-type=\"widget\" data-id=\"b8d68e2\"\n\t\n>Nombre<\/label>\n\t\t\t\t\t<input \n\tid=e-form-first-name\n\tname=e-form-first-name\n\tclass=\"e-form-input-base\"\n\ttype=\"text\"\n\tdata-interaction-id=\"672838a3\"\n\tdata-e-type=\"widget\" data-id=\"672838a3\" \n\t\n\tplaceholder=Nombre\n\trequired\n\t\n\/>\n\t\t\t\t\t<label \n\t\n\tclass=\"e-bb1eb52-e04415f e-form-label-base\"\n\tfor=e-form-last-name\n\tdata-interaction-id=\"bb1eb52\"\n\tdata-e-type=\"widget\" data-id=\"bb1eb52\"\n\t\n>Apellidos<\/label>\n\t\t\t\t\t<input \n\tid=e-form-last-name\n\tname=e-form-last-name\n\tclass=\"e-form-input-base\"\n\ttype=\"text\"\n\tdata-interaction-id=\"59cfdfeb\"\n\tdata-e-type=\"widget\" data-id=\"59cfdfeb\" \n\t\n\tplaceholder=Apellidos\n\t\n\t\n\/>\n\t\t\t\t\t<label \n\t\n\tclass=\"e-870e2aa-d94238a e-form-label-base\"\n\tfor=e-form-first-name\n\tdata-interaction-id=\"870e2aa\"\n\tdata-e-type=\"widget\" data-id=\"870e2aa\"\n\t\n>Empresa<\/label>\n\t\t\t\t\t<input \n\tid=e-form-first-name\n\tname=e-form-first-name\n\tclass=\"e-form-input-base\"\n\ttype=\"text\"\n\tdata-interaction-id=\"da935a0\"\n\tdata-e-type=\"widget\" data-id=\"da935a0\" \n\t\n\tplaceholder=Empresa\n\trequired\n\t\n\/>\n\t\t\t\t\t<label \n\t\n\tclass=\"e-b7ec08d-67769dc e-form-label-base\"\n\tfor=e-form-first-name\n\tdata-interaction-id=\"b7ec08d\"\n\tdata-e-type=\"widget\" data-id=\"b7ec08d\"\n\t\n>Sector<\/label>\n\t\t\t\t\t<input \n\tid=e-form-first-name\n\tname=e-form-first-name\n\tclass=\"e-form-input-base\"\n\ttype=\"text\"\n\tdata-interaction-id=\"a905564\"\n\tdata-e-type=\"widget\" data-id=\"a905564\" \n\t\n\tplaceholder=Sector\n\trequired\n\t\n\/>\n\t\t\t\t\t<label \n\t\n\tclass=\"e-76c5a353-8eac0fa e-form-label-base\"\n\tfor=e-form-email\n\tdata-interaction-id=\"76c5a353\"\n\tdata-e-type=\"widget\" data-id=\"76c5a353\"\n\t\n>Correo electr\u00f3nico<\/label>\n\t\t\t\t\t<input \n\tid=e-form-email\n\tname=e-form-email\n\tclass=\"e-form-input-base\"\n\ttype=\"email\"\n\tdata-interaction-id=\"2b2dc472\"\n\tdata-e-type=\"widget\" data-id=\"2b2dc472\" \n\t\n\tplaceholder=your&#x40;mail.com\n\t\n\t\n\/>\n\t\t\t\t\t<label \n\t\n\tclass=\"e-5a3ccda8-9696e76 e-form-label-base\"\n\tfor=e-form-email\n\tdata-interaction-id=\"5a3ccda8\"\n\tdata-e-type=\"widget\" data-id=\"5a3ccda8\"\n\t\n>Tel\u00e9fono de contacto<\/label>\n\t\t\t\t\t<input \n\tid=e-form-email\n\tname=e-form-email\n\tclass=\"e-form-input-base\"\n\ttype=\"email\"\n\tdata-interaction-id=\"6f9fcae5\"\n\tdata-e-type=\"widget\" data-id=\"6f9fcae5\" \n\t\n\tplaceholder=&#x2B;34&#x20;600&#x20;000&#x20;000\n\t\n\t\n\/>\n\t\t\t\t\t<label \n\t\n\tclass=\"e-c733035-f65be1f e-form-label-base\"\n\tfor=e-form-email\n\tdata-interaction-id=\"c733035\"\n\tdata-e-type=\"widget\" data-id=\"c733035\"\n\t\n>\u00bfC\u00f3mo nos has conocido?<\/label>\n\t\t\t\t\t<input \n\tid=e-form-email\n\tname=e-form-email\n\tclass=\"e-form-input-base\"\n\ttype=\"email\"\n\tdata-interaction-id=\"a474641\"\n\tdata-e-type=\"widget\" data-id=\"a474641\" \n\t\n\tplaceholder=LinkedIn,&#x20;Instagram,&#x20;conocidos,&#x20;etc.\n\t\n\t\n\/>\n\t\t\t\t\t<label \n\t\n\tclass=\"e-34dc08dd-ca82b92 e-form-label-base\"\n\tfor=e-form-message\n\tdata-interaction-id=\"34dc08dd\"\n\tdata-e-type=\"widget\" data-id=\"34dc08dd\"\n\t\n>Mensaje<\/label>\n\t\t\t\t\t<textarea\t\n\tid=e-form-message\n\tname=e-form-message\n\tclass=\"e-form-textarea-base\"\n\tdata-interaction-id=\"aeb814b\"\n\tdata-e-type=\"widget\" data-id=\"aeb814b\"\n\t\n\tplaceholder=Tu&#x20;mensaje\n\t\n\t\n\trows=4\n\t\n\t\n\tdata-resizable\n><\/textarea>\n\t\t\t\t<div class=\"elementor-element elementor-element-593b7348 e-con e-atomic-element e-flexbox-base e-form-checkbox-row\" data-id=\"593b7348\" data-element_type=\"e-flexbox\" data-e-type=\"e-flexbox\" data-interaction-id=\"593b7348\" data-e-type=\"e-flexbox\" data-id=\"593b7348\">\n\t\t\t\t\t<input \n\tid=e-form-checkbox\n\tname=checkbox_e-form-checkbox\n\t\n\tclass=\"\"\n\ttype=\"checkbox\"\n\tdata-interaction-id=\"2d694ba5\"\n\tdata-e-type=\"widget\" data-id=\"2d694ba5\" \n\t\n\t\n\t\n\t\n\/>\n\t\t\t\t\t<label \n\t\n\tclass=\"e-1e16950d-ec3dfce e-form-label-base\"\n\tfor=e-form-checkbox\n\tdata-interaction-id=\"1e16950d\"\n\tdata-e-type=\"widget\" data-id=\"1e16950d\"\n\t\n>Consiento que se almacene mi informaci\u00f3n personal con el fin de recibir la informaci\u00f3n que solicito.<\/label>\n\t\t\t\t<\/div>\n\t\t\t\t\t<button \n\t\n\tclass=\"e-form-submit-button-base\"\n\ttype=\"submit\"\n\tdata-interaction-id=\"32cb9155\"\n\tdata-e-type=\"widget\" data-id=\"32cb9155\"\n\t\n>Enviar<\/button>\n\t\t<div class=\"e-con e-atomic-element e-form-success-message-base message-success \"\n     data-id=\"1f60f31f\"\n     data-element_type=\"e-form-success-message\"\n     data-e-type=\"e-form-success-message\"\n     data-interaction-id=\"1f60f31f\"\n     >\n    \t\t\t\t\t\t<p class=\"e-71701fa7-b621e1a e-paragraph-base\" data-interaction-id=\"71701fa7\"  data-e-type=\"widget\" data-id=\"71701fa7\">\n\t\t\t\t\t\t\t\t\u00a1Genial! Hemos recibido tus datos. En breve nos pondremos en contacto contigo.\n\t\t\t\t\t<\/p>\n\t\t\n<\/div>\n<div class=\"e-con e-atomic-element e-form-error-message-base message-error \"\n     data-id=\"2aae3546\"\n     data-element_type=\"e-form-error-message\"\n     data-e-type=\"e-form-error-message\"\n     data-interaction-id=\"2aae3546\"\n     >\n    \t\t\t\t\t\t<p class=\"e-712217c0-2967d7c e-paragraph-base\" data-interaction-id=\"712217c0\"  data-e-type=\"widget\" data-id=\"712217c0\">\n\t\t\t\t\t\t\t\tNo hemos podido procesar tu solicitud. Int\u00e9ntalo de nuevo\n\t\t\t\t\t<\/p>\n\t\t\n<\/div>\n\n<\/form>\n\t\t\t<\/div>\n\t\t\t\t<\/div>\n\t\t\t\t<\/div>\n\t\t","protected":false},"excerpt":{"rendered":"<p>| Personal Shopper | El primer paso para comprar un inmueble es decidir la localizaci\u00f3n \u00f3ptima para ti. Lo ideal es recorrer los barrios para descubrirlos con calma. Como personal shoppers inmobiliarios, nosotros lo hacemos por ti. [1]&nbsp;\u00bfC\u00f3mo lo hac\u00e9is? Dedicamos el tiempo necesario para entender tus necesidades reales m\u00e1s all\u00e1 de lo obvio. Buscamos [&hellip;]<\/p>\n","protected":false},"author":1,"featured_media":0,"parent":705,"menu_order":0,"comment_status":"closed","ping_status":"closed","template":"","meta":{"footnotes":""},"class_list":["post-712","page","type-page","status-publish","hentry"],"_links":{"self":[{"href":"https:\/\/luxattyhomes.com\/index.php?rest_route=\/wp\/v2\/pages\/712","targetHints":{"allow":["GET"]}}],"collection":[{"href":"https:\/\/luxattyhomes.com\/index.php?rest_route=\/wp\/v2\/pages"}],"about":[{"href":"https:\/\/luxattyhomes.com\/index.php?rest_route=\/wp\/v2\/types\/page"}],"author":[{"embeddable":true,"href":"https:\/\/luxattyhomes.com\/index.php?rest_route=\/wp\/v2\/users\/1"}],"replies":[{"embeddable":true,"href":"https:\/\/luxattyhomes.com\/index.php?rest_route=%2Fwp%2Fv2%2Fcomments&post=712"}],"version-history":[{"count":55,"href":"https:\/\/luxattyhomes.com\/index.php?rest_route=\/wp\/v2\/pages\/712\/revisions"}],"predecessor-version":[{"id":1110,"href":"https:\/\/luxattyhomes.com\/index.php?rest_route=\/wp\/v2\/pages\/712\/revisions\/1110"}],"up":[{"embeddable":true,"href":"https:\/\/luxattyhomes.com\/index.php?rest_route=\/wp\/v2\/pages\/705"}],"wp:attachment":[{"href":"https:\/\/luxattyhomes.com\/index.php?rest_route=%2Fwp%2Fv2%2Fmedia&parent=712"}],"curies":[{"name":"wp","href":"https:\/\/api.w.org\/{rel}","templated":true}]}}